{"id":359,"date":"2023-09-02T16:10:46","date_gmt":"2023-09-02T16:10:46","guid":{"rendered":"https:\/\/sertconsulting.de\/?page_id=359"},"modified":"2026-01-15T10:06:04","modified_gmt":"2026-01-15T10:06:04","slug":"datenschutz","status":"publish","type":"page","link":"https:\/\/sertconsulting.de\/?page_id=359","title":{"rendered":"Datenschutz"},"content":{"rendered":"\t\t<div data-elementor-type=\"wp-page\" data-elementor-id=\"359\" class=\"elementor elementor-359\" data-elementor-post-type=\"page\">\n\t\t\t\t\t\t<section class=\"elementor-section elementor-top-section elementor-element elementor-element-1600572 elementor-section-boxed elementor-section-height-default elementor-section-height-default\" data-id=\"1600572\" data-element_type=\"section\" data-e-type=\"section\" data-settings=\"{&quot;background_background&quot;:&quot;classic&quot;}\">\n\t\t\t\t\t\t<div class=\"elementor-container elementor-column-gap-default\">\n\t\t\t\t\t<div class=\"elementor-column elementor-col-100 elementor-top-column elementor-element elementor-element-9b78ebe\" data-id=\"9b78ebe\" data-element_type=\"column\" data-e-type=\"column\">\n\t\t\t<div class=\"elementor-widget-wrap elementor-element-populated\">\n\t\t\t\t\t\t<div class=\"elementor-element elementor-element-a22a36b elementor-widget elementor-widget-heading\" data-id=\"a22a36b\" data-element_type=\"widget\" data-e-type=\"widget\" data-widget_type=\"heading.default\">\n\t\t\t\t<div class=\"elementor-widget-container\">\n\t\t\t\t\t<h2 class=\"elementor-heading-title elementor-size-default\">Datenschutz<\/h2>\t\t\t\t<\/div>\n\t\t\t\t<\/div>\n\t\t\t\t<section class=\"elementor-section elementor-inner-section elementor-element elementor-element-9b970c5 elementor-section-full_width elementor-section-height-default elementor-section-height-default\" data-id=\"9b970c5\" data-element_type=\"section\" data-e-type=\"section\">\n\t\t\t\t\t\t<div class=\"elementor-container elementor-column-gap-default\">\n\t\t\t\t\t<div class=\"elementor-column elementor-col-50 elementor-inner-column elementor-element elementor-element-29238a2\" data-id=\"29238a2\" data-element_type=\"column\" data-e-type=\"column\">\n\t\t\t<div class=\"elementor-widget-wrap elementor-element-populated\">\n\t\t\t\t\t\t<div class=\"elementor-element elementor-element-8633326 elementor-widget elementor-widget-text-editor\" data-id=\"8633326\" data-element_type=\"widget\" data-e-type=\"widget\" data-widget_type=\"text-editor.default\">\n\t\t\t\t<div class=\"elementor-widget-container\">\n\t\t\t\t\t\t\t\t\t<p>Wir nehmen den Schutz Ihrer personenbezogenen Daten sehr ernst und m\u00f6chten Ihnen in dieser Datenschutzerkl\u00e4rung erl\u00e4utern, wie wir Ihre Daten erfassen, verwenden, speichern und sch\u00fctzen. Diese Datenschutzerkl\u00e4rung gilt f\u00fcr alle Informationen, die Sie uns zur Verf\u00fcgung stellen, wenn Sie unsere Dienstleistungen nutzen oder mit uns interagieren.<\/p>\t\t\t\t\t\t\t\t<\/div>\n\t\t\t\t<\/div>\n\t\t\t\t\t<\/div>\n\t\t<\/div>\n\t\t\t\t<div class=\"elementor-column elementor-col-50 elementor-inner-column elementor-element elementor-element-a4b87d5\" data-id=\"a4b87d5\" data-element_type=\"column\" data-e-type=\"column\">\n\t\t\t<div class=\"elementor-widget-wrap\">\n\t\t\t\t\t\t\t<\/div>\n\t\t<\/div>\n\t\t\t\t\t<\/div>\n\t\t<\/section>\n\t\t\t\t\t<\/div>\n\t\t<\/div>\n\t\t\t\t\t<\/div>\n\t\t<\/section>\n\t\t\t\t<section class=\"elementor-section elementor-top-section elementor-element elementor-element-950bd38 elementor-section-boxed elementor-section-height-default elementor-section-height-default\" data-id=\"950bd38\" data-element_type=\"section\" data-e-type=\"section\" data-settings=\"{&quot;background_background&quot;:&quot;classic&quot;}\">\n\t\t\t\t\t\t<div class=\"elementor-container elementor-column-gap-wider\">\n\t\t\t\t\t<div class=\"elementor-column elementor-col-100 elementor-top-column elementor-element elementor-element-ee50d82\" data-id=\"ee50d82\" data-element_type=\"column\" data-e-type=\"column\">\n\t\t\t<div class=\"elementor-widget-wrap elementor-element-populated\">\n\t\t\t\t\t\t<section class=\"elementor-section elementor-inner-section elementor-element elementor-element-d74d345 elementor-section-full_width elementor-section-height-default elementor-section-height-default\" data-id=\"d74d345\" data-element_type=\"section\" data-e-type=\"section\">\n\t\t\t\t\t\t<div class=\"elementor-container elementor-column-gap-wide\">\n\t\t\t\t\t<div class=\"elementor-column elementor-col-50 elementor-inner-column elementor-element elementor-element-e2da549\" data-id=\"e2da549\" data-element_type=\"column\" data-e-type=\"column\">\n\t\t\t<div class=\"elementor-widget-wrap elementor-element-populated\">\n\t\t\t\t\t\t<div class=\"elementor-element elementor-element-fbabff9 elementor-position-left elementor-vertical-align-top elementor-widget elementor-widget-image-box\" data-id=\"fbabff9\" data-element_type=\"widget\" data-e-type=\"widget\" data-widget_type=\"image-box.default\">\n\t\t\t\t<div class=\"elementor-widget-container\">\n\t\t\t\t\t<div class=\"elementor-image-box-wrapper\"><figure class=\"elementor-image-box-img\"><img decoding=\"async\" width=\"100\" height=\"100\" src=\"https:\/\/sertconsulting.de\/wp-content\/uploads\/2023\/09\/icons8-level-1-100-1.png\" class=\"attachment-full size-full wp-image-373\" alt=\"\" srcset=\"https:\/\/sertconsulting.de\/wp-content\/uploads\/2023\/09\/icons8-level-1-100-1.png 100w, https:\/\/sertconsulting.de\/wp-content\/uploads\/2023\/09\/icons8-level-1-100-1-75x75.png 75w\" sizes=\"(max-width:767px) 100px, 100px\" \/><\/figure><div class=\"elementor-image-box-content\"><h4 class=\"elementor-image-box-title\">Datenerfassung auf unserer Website<\/h4><p class=\"elementor-image-box-description\">Erfassung von personenbezogenen Daten: Wir erfassen personenbezogene Daten, wenn Sie unsere Website besuchen, eine Anfrage senden oder anderweitig mit uns in Kontakt treten. Die erfassten Daten k\u00f6nnen Ihren Namen, Ihre Kontaktdaten oder andere Informationen umfassen, die f\u00fcr die Erbringung unserer Dienstleistungen relevant sind.<\/p><\/div><\/div>\t\t\t\t<\/div>\n\t\t\t\t<\/div>\n\t\t\t\t\t<\/div>\n\t\t<\/div>\n\t\t\t\t<div class=\"elementor-column elementor-col-50 elementor-inner-column elementor-element elementor-element-d7ffea4\" data-id=\"d7ffea4\" data-element_type=\"column\" data-e-type=\"column\">\n\t\t\t<div class=\"elementor-widget-wrap elementor-element-populated\">\n\t\t\t\t\t\t<div class=\"elementor-element elementor-element-a7615b9 elementor-position-left elementor-vertical-align-top elementor-widget elementor-widget-image-box\" data-id=\"a7615b9\" data-element_type=\"widget\" data-e-type=\"widget\" data-widget_type=\"image-box.default\">\n\t\t\t\t<div class=\"elementor-widget-container\">\n\t\t\t\t\t<div class=\"elementor-image-box-wrapper\"><figure class=\"elementor-image-box-img\"><img decoding=\"async\" width=\"100\" height=\"100\" src=\"https:\/\/sertconsulting.de\/wp-content\/uploads\/2023\/09\/icons8-2-circled-100.png\" class=\"attachment-full size-full wp-image-375\" alt=\"\" srcset=\"https:\/\/sertconsulting.de\/wp-content\/uploads\/2023\/09\/icons8-2-circled-100.png 100w, https:\/\/sertconsulting.de\/wp-content\/uploads\/2023\/09\/icons8-2-circled-100-75x75.png 75w\" sizes=\"(max-width:767px) 100px, 100px\" \/><\/figure><div class=\"elementor-image-box-content\"><h4 class=\"elementor-image-box-title\">Datenschutz und personenbezogenen Daten<\/h4><p class=\"elementor-image-box-description\">Verwendung der personenbezogenen Daten: Wir verwenden Ihre personenbezogenen Daten, um Ihnen unsere Dienstleistungen bereitzustellen, Ihre Anfragen zu bearbeiten oder Ihnen relevante Informationen zukommen zu lassen. Ihre Daten werden nur zu den Zwecken verwendet, f\u00fcr die sie erhoben wurden, es sei denn, Sie haben ausdr\u00fccklich Ihre Zustimmung f\u00fcr andere Verwendungszwecke gegeben.\n\n<\/p><\/div><\/div>\t\t\t\t<\/div>\n\t\t\t\t<\/div>\n\t\t\t\t\t<\/div>\n\t\t<\/div>\n\t\t\t\t\t<\/div>\n\t\t<\/section>\n\t\t\t\t<section class=\"elementor-section elementor-inner-section elementor-element elementor-element-43ee53d elementor-section-full_width elementor-section-height-default elementor-section-height-default\" data-id=\"43ee53d\" data-element_type=\"section\" data-e-type=\"section\">\n\t\t\t\t\t\t<div class=\"elementor-container elementor-column-gap-wide\">\n\t\t\t\t\t<div class=\"elementor-column elementor-col-50 elementor-inner-column elementor-element elementor-element-9e77333\" data-id=\"9e77333\" data-element_type=\"column\" data-e-type=\"column\">\n\t\t\t<div class=\"elementor-widget-wrap elementor-element-populated\">\n\t\t\t\t\t\t<div class=\"elementor-element elementor-element-2c81dc4 elementor-position-left elementor-vertical-align-top elementor-widget elementor-widget-image-box\" data-id=\"2c81dc4\" data-element_type=\"widget\" data-e-type=\"widget\" data-widget_type=\"image-box.default\">\n\t\t\t\t<div class=\"elementor-widget-container\">\n\t\t\t\t\t<div class=\"elementor-image-box-wrapper\"><figure class=\"elementor-image-box-img\"><img decoding=\"async\" width=\"100\" height=\"100\" src=\"https:\/\/sertconsulting.de\/wp-content\/uploads\/2023\/09\/icons8-circled-3-c-100.png\" class=\"attachment-full size-full wp-image-374\" alt=\"\" srcset=\"https:\/\/sertconsulting.de\/wp-content\/uploads\/2023\/09\/icons8-circled-3-c-100.png 100w, https:\/\/sertconsulting.de\/wp-content\/uploads\/2023\/09\/icons8-circled-3-c-100-75x75.png 75w\" sizes=\"(max-width:767px) 100px, 100px\" \/><\/figure><div class=\"elementor-image-box-content\"><h4 class=\"elementor-image-box-title\">Datenspeicherung und Datenschutzma\u00dfnahmen<\/h4><p class=\"elementor-image-box-description\">Datenspeicherung und -schutz: Wir speichern Ihre personenbezogenen Daten nur so lange, wie es f\u00fcr die Erf\u00fcllung der oben genannten Zwecke erforderlich ist oder wie es gesetzlich vorgeschrieben ist. Wir treffen angemessene technische und organisatorische Ma\u00dfnahmen, um Ihre Daten vor Verlust, Missbrauch, unbefugtem Zugriff oder Offenlegung zu sch\u00fctzen.<\/p><\/div><\/div>\t\t\t\t<\/div>\n\t\t\t\t<\/div>\n\t\t\t\t\t<\/div>\n\t\t<\/div>\n\t\t\t\t<div class=\"elementor-column elementor-col-50 elementor-inner-column elementor-element elementor-element-24d2e01\" data-id=\"24d2e01\" data-element_type=\"column\" data-e-type=\"column\">\n\t\t\t<div class=\"elementor-widget-wrap elementor-element-populated\">\n\t\t\t\t\t\t<div class=\"elementor-element elementor-element-4ece66d elementor-position-left elementor-vertical-align-top elementor-widget elementor-widget-image-box\" data-id=\"4ece66d\" data-element_type=\"widget\" data-e-type=\"widget\" data-widget_type=\"image-box.default\">\n\t\t\t\t<div class=\"elementor-widget-container\">\n\t\t\t\t\t<div class=\"elementor-image-box-wrapper\"><figure class=\"elementor-image-box-img\"><img loading=\"lazy\" decoding=\"async\" width=\"100\" height=\"100\" src=\"https:\/\/sertconsulting.de\/wp-content\/uploads\/2023\/09\/icons8-circled-4-c-100-1.png\" class=\"attachment-full size-full wp-image-376\" alt=\"\" srcset=\"https:\/\/sertconsulting.de\/wp-content\/uploads\/2023\/09\/icons8-circled-4-c-100-1.png 100w, https:\/\/sertconsulting.de\/wp-content\/uploads\/2023\/09\/icons8-circled-4-c-100-1-75x75.png 75w\" sizes=\"(max-width:767px) 100px, 100px\" \/><\/figure><div class=\"elementor-image-box-content\"><h4 class=\"elementor-image-box-title\">Datenschutz und Weitergabe von personenbezogenen Daten<\/h4><p class=\"elementor-image-box-description\">Weitergabe von personenbezogenen: Daten Wir geben Ihre personenbezogenen Daten nur an Dritte weiter, wenn dies zur Erf\u00fcllung der genannten Zwecke erforderlich ist oder wenn wir gesetzlich dazu verpflichtet sind. Dabei achten wir darauf, dass Ihre Daten nur an vertrauensw\u00fcrdige Dritte weitergegeben werden, die angemessene Datenschutzstandards einhalten.<\/p><\/div><\/div>\t\t\t\t<\/div>\n\t\t\t\t<\/div>\n\t\t\t\t\t<\/div>\n\t\t<\/div>\n\t\t\t\t\t<\/div>\n\t\t<\/section>\n\t\t\t\t<section class=\"elementor-section elementor-inner-section elementor-element elementor-element-d392267 elementor-section-full_width elementor-section-height-default elementor-section-height-default\" data-id=\"d392267\" data-element_type=\"section\" data-e-type=\"section\">\n\t\t\t\t\t\t<div class=\"elementor-container elementor-column-gap-wide\">\n\t\t\t\t\t<div class=\"elementor-column elementor-col-50 elementor-inner-column elementor-element elementor-element-05b771c\" data-id=\"05b771c\" data-element_type=\"column\" data-e-type=\"column\">\n\t\t\t<div class=\"elementor-widget-wrap elementor-element-populated\">\n\t\t\t\t\t\t<div class=\"elementor-element elementor-element-e9dcee6 elementor-position-left elementor-vertical-align-top elementor-widget elementor-widget-image-box\" data-id=\"e9dcee6\" data-element_type=\"widget\" data-e-type=\"widget\" data-widget_type=\"image-box.default\">\n\t\t\t\t<div class=\"elementor-widget-container\">\n\t\t\t\t\t<div class=\"elementor-image-box-wrapper\"><figure class=\"elementor-image-box-img\"><img loading=\"lazy\" decoding=\"async\" width=\"100\" height=\"100\" src=\"https:\/\/sertconsulting.de\/wp-content\/uploads\/2023\/09\/icons8-circled-5-100.png\" class=\"attachment-full size-full wp-image-371\" alt=\"\" srcset=\"https:\/\/sertconsulting.de\/wp-content\/uploads\/2023\/09\/icons8-circled-5-100.png 100w, https:\/\/sertconsulting.de\/wp-content\/uploads\/2023\/09\/icons8-circled-5-100-75x75.png 75w\" sizes=\"(max-width:767px) 100px, 100px\" \/><\/figure><div class=\"elementor-image-box-content\"><h4 class=\"elementor-image-box-title\">Rechte der betroffenen Person im Datenschutz<\/h4><p class=\"elementor-image-box-description\">Rechte der betroffenen Person: Gem\u00e4\u00df den geltenden Datenschutzgesetzen haben Sie das Recht, Auskunft \u00fcber die von uns \u00fcber Sie gespeicherten Daten zu erhalten, diese zu korrigieren, zu l\u00f6schen oder deren Verwendung einzuschr\u00e4nken. Sie haben auch das Recht, der Verarbeitung Ihrer Daten zu widersprechen und Ihre Einwilligung zur Verwendung Ihrer Daten jederzeit zu widerrufen.<\/p><\/div><\/div>\t\t\t\t<\/div>\n\t\t\t\t<\/div>\n\t\t\t\t\t<\/div>\n\t\t<\/div>\n\t\t\t\t<div class=\"elementor-column elementor-col-50 elementor-inner-column elementor-element elementor-element-1c740d5\" data-id=\"1c740d5\" data-element_type=\"column\" data-e-type=\"column\">\n\t\t\t<div class=\"elementor-widget-wrap elementor-element-populated\">\n\t\t\t\t\t\t<div class=\"elementor-element elementor-element-9d2ba7d elementor-position-left elementor-vertical-align-top elementor-widget elementor-widget-image-box\" data-id=\"9d2ba7d\" data-element_type=\"widget\" data-e-type=\"widget\" data-widget_type=\"image-box.default\">\n\t\t\t\t<div class=\"elementor-widget-container\">\n\t\t\t\t\t<div class=\"elementor-image-box-wrapper\"><figure class=\"elementor-image-box-img\"><img loading=\"lazy\" decoding=\"async\" width=\"100\" height=\"100\" src=\"https:\/\/sertconsulting.de\/wp-content\/uploads\/2023\/09\/icons8-circled-6-100.png\" class=\"attachment-full size-full wp-image-377\" alt=\"\" srcset=\"https:\/\/sertconsulting.de\/wp-content\/uploads\/2023\/09\/icons8-circled-6-100.png 100w, https:\/\/sertconsulting.de\/wp-content\/uploads\/2023\/09\/icons8-circled-6-100-75x75.png 75w\" sizes=\"(max-width:767px) 100px, 100px\" \/><\/figure><div class=\"elementor-image-box-content\"><h4 class=\"elementor-image-box-title\">Kontaktm\u00f6glichkeiten f\u00fcr Datenschutzanliegen<\/h4><p class=\"elementor-image-box-description\">Kontakt: Wenn Sie Fragen oder Anliegen zum Datenschutz haben oder Ihre Rechte als betroffene Person aus\u00fcben m\u00f6chten, k\u00f6nnen Sie sich jederzeit an uns wenden. Unsere Kontaktdaten finden Sie auf der Impressum-Seite.<\/p><\/div><\/div>\t\t\t\t<\/div>\n\t\t\t\t<\/div>\n\t\t\t\t\t<\/div>\n\t\t<\/div>\n\t\t\t\t\t<\/div>\n\t\t<\/section>\n\t\t\t\t<div class=\"elementor-element elementor-element-a34e83d elementor-widget elementor-widget-text-editor\" data-id=\"a34e83d\" data-element_type=\"widget\" data-e-type=\"widget\" data-widget_type=\"text-editor.default\">\n\t\t\t\t<div class=\"elementor-widget-container\">\n\t\t\t\t\t\t\t\t\t<p><span style=\"color: #8c063a;\">Stand: Januar 2026<\/span><\/p>\t\t\t\t\t\t\t\t<\/div>\n\t\t\t\t<\/div>\n\t\t\t\t\t<\/div>\n\t\t<\/div>\n\t\t\t\t\t<\/div>\n\t\t<\/section>\n\t\t\t\t<\/div>\n\t\t","protected":false},"excerpt":{"rendered":"<p>Datenschutz Wir nehmen den Schutz Ihrer personenbezogenen Daten sehr ernst und m\u00f6chten Ihnen in dieser Datenschutzerkl\u00e4rung erl\u00e4utern, wie wir Ihre Daten erfassen, verwenden, speichern und sch\u00fctzen.<span class=\"excerpt-hellip\"> [\u2026]<\/span><\/p>\n","protected":false},"author":2,"featured_media":0,"parent":0,"menu_order":0,"comment_status":"open","ping_status":"closed","template":"elementor_header_footer","meta":{"footnotes":""},"class_list":["post-359","page","type-page","status-publish","hentry"],"_links":{"self":[{"href":"https:\/\/sertconsulting.de\/index.php?rest_route=\/wp\/v2\/pages\/359","targetHints":{"allow":["GET"]}}],"collection":[{"href":"https:\/\/sertconsulting.de\/index.php?rest_route=\/wp\/v2\/pages"}],"about":[{"href":"https:\/\/sertconsulting.de\/index.php?rest_route=\/wp\/v2\/types\/page"}],"author":[{"embeddable":true,"href":"https:\/\/sertconsulting.de\/index.php?rest_route=\/wp\/v2\/users\/2"}],"replies":[{"embeddable":true,"href":"https:\/\/sertconsulting.de\/index.php?rest_route=%2Fwp%2Fv2%2Fcomments&post=359"}],"version-history":[{"count":25,"href":"https:\/\/sertconsulting.de\/index.php?rest_route=\/wp\/v2\/pages\/359\/revisions"}],"predecessor-version":[{"id":549,"href":"https:\/\/sertconsulting.de\/index.php?rest_route=\/wp\/v2\/pages\/359\/revisions\/549"}],"wp:attachment":[{"href":"https:\/\/sertconsulting.de\/index.php?rest_route=%2Fwp%2Fv2%2Fmedia&parent=359"}],"curies":[{"name":"wp","href":"https:\/\/api.w.org\/{rel}","templated":true}]}}